divided by w?
17
Suppose -9*t = -11*t + 26. Let s = -2 - -13. Suppose -2*z + 4*z - 6 = 2*h, z + h - s = 0. What is the remainder when t is divided by z?
6
Calculate the remainder when 31 is divided by 32/(-5)*(-5)/2.
15
Let h be 1*(1 + 0 + -3). What is the remainder when (-17)/(0 + 1 + h) is divided by 6?
5
Let w = 4 - 4. Suppose m + m - 16 = w. Let b = 15 - m. Calculate the remainder when b is divided by 4.
3
Suppose -9 = -4*q + 35. Suppose 5*f = -c + 29, -f = -c - 3*c + q. What is the remainder when c is divided by 2?
0
Suppose 4*q - 65 = 15. Let u be (-9)/12 - (-1)/(-4). What is the remainder when 1 - (29*2)/u is divided by q?
19
Let s(z) = 6*z**3 - 2*z**2 + z. Let j be s(1). Suppose 15 = -2*b + j*b. Suppose -12 + 15 = w. Calculate the remainder when b is divided by w.
2
Let q(m) = -m - 1. Let z be q(5). Let c(n) = -n**3 - 6*n**2 - 2*n - 3. Suppose -27 = 5*k - 152. Calculate the remainder when k is divided by c(z).
7
Let u = -70 - -82. What is the remainder when 33 is divided by u?
9
Let r(f) = -19 + 45 - f + 23. What is the remainder when r(0) is divided by 13?
10
Let a(d) = d**3 + d**2 - 2*d - 2. Let g be a(-2). Calculate the remainder when 20 is divided by g/4*(-23 - -1).
9
Suppose 4*o - 9 = -y, -2*y - 18 = -4*y - 4*o. What is the remainder when 44 is divided by y?
8
Let w be (2/4)/((-6)/120). Let o = -3 - w. Calculate the remainder when o is divided by 3.
1
Let t = 8 + 19. Let l(w) = -2*w**2 + 9*w + 1. Let x be l(7). Let m = -20 - x. What is the remainder when t is divided by m?
13
Let a be (-3 + -39)/(-2) + -3. Suppose 243 = 5*y + a. What is the remainder when y is divided by 12?
9
Let d = -11 + 44. Calculate the remainder when 97 is divided by d.
31
Let g(n) = n**3 - 7*n**2 + 8*n - 10. What is the remainder when g(6) is divided by 1?
0
Let n(z) = z - 8. Let r be n(4). Let a(x) = -3*x. Suppose 0 = -4*w - w + 170. Calculate the remainder when w is divided by a(r).
10
Suppose -2*u + 80 = 3*u. Suppose 2*m - m = u. Calculate the remainder when 46 is divided by m.
14
Let r be (-140)/30 + 2/3. Let f = 46 + -26. What is the remainder when (-245)/r + (-5)/f is divided by 21?
19
Let a be (2/6)/(3/99). Suppose 5*o - a = k + 43, 0 = -o + 3*k + 8. What is the remainder when o is divided by 4?
3
Let k = -3 + 18. Let n = 41 + 1. What is the remainder when n is divided by k?
12
Suppose 0 = -n - 4*q + 25, 2*n - 42 = 4*q - 8*q. Suppose -f = -n - 6. Calculate the remainder when f is divided by 12.
11
Calculate the remainder when 63 is divided by 7/35 - (-109)/5.
19
Suppose 4*l - 5*c + 555 = 6*l, -3*l = -3*c - 822. Let j = l + -39. Calculate the remainder when (-4)/6 + j/12 is divided by 7.
5
Let v be (-2 - -3)/((-1)/6). Let o be 0*(v/2 - -2). Suppose o*g - 4*g + 60 = 0. Calculate the remainder when g is divided by 8.
7
Suppose 0*d = 2*d + 6. What is the remainder when (-94)/d + (-4)/12 is divided by 11?
9
Suppose -4*l - 4*s = -5*s - 1, 3*l - s = 1. Let b = l + 7. Let d(g) = g + 20. Calculate the remainder when d(0) is divided by b.
6
Let t = 59 - 34. Suppose -4*v + 39 = -v. Calculate the remainder when t is divided by v.
12
What is the remainder when (-40)/6*9/(-6) is divided by 3?
1
Let o be -66*(-3 - -5)/(-4). Let p = o - 20. Let u = 6 + 31. What is the remainder when u is divided by p?
11
Let a(y) = -8*y**2 - 5. Let q(x) = -40*x**2 + x - 26. Let r(k) = -11*a(k) + 2*q(k). What is the remainder when r(-2) is divided by 16?
15
Let p = -54 - -115. What is the remainder when p is divided by 21?
19
Let v(x) = 6*x**3 - x**2 + 2*x - 1. Calculate the remainder when 8 is divided by v(1).
2
Let c(t) = t - 1. Suppose -3*a + 20 = a. Suppose 2 = -a*m + 6*m. What is the remainder when m is divided by c(3)?
0
Let u = 0 + 4. Suppose 0 = -4*r + 2 - 10, -2*g - 2*r = -u. Let z = -2 - -4. Calculate the remainder when g is divided by z.
0
Let t(w) = -23*w - 1. Calculate the remainder when t(-1) is divided by 8.
6
Let j(a) = 7*a**3 + 1. Let q be j(-2). What is the remainder when ((-12)/(-5))/((-22)/q) is divided by 4?
2
Calculate the remainder when 57 is divided by (92/(-115))/((-2)/25).
7
Suppose -2*c = -3*t + 31, 3*c = 6*c + 15. Calculate the remainder when 19 is divided by t.
5
Suppose -16 = -2*i + 3*h - 7*h, 0 = 4*h - 8. What is the remainder when (-2)/i + (-117)/(-6) is divided by ((-7)/4)/((-1)/4)?
5
Suppose -100 = -7*k + 3*k. Calculate the remainder when 74 is divided by k.
24
Suppose -o + 3 = 2. Suppose 0 = -5*i + l + 120, -3*i - l + 2*l + 74 = 0. Calculate the remainder when i is divided by -2 - ((o - 0) + -11).
7
Suppose -2*y = -o + 7 + 6, -12 = 4*y. Let a be (-2)/(-7) - 9/o. Let w(s) = -33*s**3 + 2*s**2 + s. What is the remainder when w(a) is divided by 18?
16
Suppose 5 = -j + 13. Suppose -4*f + 1 = u, 3*u = -f + j + 28. Let x(b) = -b**2 - 10*b + 8. What is the remainder when x(-8) is divided by u?
11
Let q be 5/25 - 9/(-5). Suppose 3*u + h = 97, q*h - 3*h - 167 = -5*u. What is the remainder when u is divided by 9?
6
Suppose 15 = -3*l, -3*l + 34 = 3*n - 8*l. Let i be (0 - -91) + 2/2. Suppose n*s = -s + i. What is the remainder when s is divided by 8?
7
Suppose -39 = 3*k + 3*x - 117, 3*k = -2*x + 73. What is the remainder when 60 is divided by k?
18
Let k(b) be the second derivative of 59*b**5/20 - b**4/12 - 2*b. Let s(a) = -4*a + 4. Calculate the remainder when k(1) is divided by s(-4).
18
Let z = 1 + 2. Suppose z*b = x + 157, -x = -0*b - b + 53. What is the remainder when b is divided by (-2)/(-2) - 68/(-4)?
16
Let f(s) be the first derivative of 2*s**3 - s + 2. Let x be f(4). Suppose -2*z = 3*z - x. Calculate the remainder when z is divided by 7.
5
Suppose -2*a - 2*a + 284 = 0. Suppose m = 4*g + 16, 5*g = -4*m - 0*g + 106. What is the remainder when a is divided by m?
23
What is the remainder when 62 is divided by 158/12 - ((-34)/12)/(-17)?
10
Let t be (-2 - 0)/((-4)/14). Let a = t + -14. Let y = 0 - a. What is the remainder when 19 is divided by y?
5
Suppose 0 = 4*p - p - 12. Suppose p*v - 5*v + 4*k + 31 = 0, 4*v + 3*k - 124 = 0. Let d = 21 - 10. Calculate the remainder when v is divided by d.
9
Let f = 15 - -10. Calculate the remainder when f is divided by 13.
12
Let r(d) = -d - 1. Let g(m) = m - 12. Let w(j) = g(j) - 3*r(j). What is the remainder when 32 is divided by w(5)?
10
Let d = -12 + 16. Suppose 0 = -d*r + 31 + 37. Calculate the remainder when 66 is divided by r.
15
Suppose z - 37 = -x, 4*x + z = 48 + 100. Let i(k) = 21*k - 1. Let m be i(-1). Let b = m + x. What is the remainder when 28 is divided by b?
13
Suppose 865 = -8*k + 13*k. Calculate the remainder when k is divided by 44.
41
Let u = -18 - -37. Calculate the remainder when 55 is divided by u.
17
Suppose 5*g = 4*g - 2, -26 = -4*w + g. Let y = w - 2. Let m = 12 + -5. What is the remainder when m is divided by y?
3
Let f(b) = 13*b**2 + 2*b + 1. Let p be 1/(-3 - 2/(-1)). Let g be (2/2)/(p/1). Calculate the remainder when 34 is divided by f(g).
10
Suppose 3*t + 4*i - 95 = 218, -4*t = -i - 392. What is the remainder when t is divided by 50?
49
Calculate the remainder when -8 - -10 - (1 - 41) is divided by 9.
6
Suppose 221 = 13*i + 4*i. What is the remainder when 76 is divided by i?
11
Let g = -16 + 11. Let o be (17/5 + -3)*g. Let d = 4 - o. What is the remainder when 9 is divided by d?
3
Let z = 113 + -51. What is the remainder when z is divided by 22?
18
Calculate the remainder when (-2 - -3)*1 - -27 is divided by 15.
13
Let m(n) = 2*n**2 - 6*n. Let l be m(12). Suppose 0 = 4*u + k - l + 13, 161 = 3*u - k. Calculate the remainder when u is divided by 14.
10
Suppose 3*o = 2*o. Suppose 3*q = -o*q - 3. Let v(l) = l**2 - l - 1. What is the remainder when 2 is divided by v(q)?
0
Suppose 0 = 5*q + 12 + 28. Calculate the remainder when 15 is divided by q/20 + (-84)/(-10).
7
Let r = 1 - -3. Let w = 8 - r. What is the remainder when 6 is divided by w?
2
Calculate the remainder when 34 is divided by (-56)/(-7) - (-1 - 0).
7
Suppose -3*o + 4*a - 28 = -5*o, -2*a = 4*o - 32. What is the remainder when 16 is divided by o?
4
Suppose 0 = 2*m + 5*z - 9, 2*m = 4*z + 18. Let g(r) = 3*r - 4. Calculate the remainder when 48 is divided by g(m).
14
Let n(s) be the third derivative of -s**5/60 + 7*s**3/2 - 4*s**2. What is the remainder when n(0) is divided by 12?
9
Suppose 10*a = 5*a + 150. Calculate the remainder wh